 = -x**2 + x + 2. Suppose c = 4*d - 4*c + 16, 5*d - 1 = c. Let o be d/3 - (-7)/(-3). Give w(o).
-4
Let v be (2/3)/((-12)/108). Let w(i) = i + 6. Determine w(v).
0
Let m(p) = -3*p + 1. Suppose -2*q = 3 - 5. Let j = q + -2. Calculate m(j).
4
Suppose -1 = -d - 7. Let r be 4*(0 + (-2)/(-4)). Let y = r + d. Let z(t) = -t - 2. Give z(y).
2
Let p(z) = -z**3 - 6*z**2 + 2. Let x be p(-6). Let q(i) = i**3 - 3*i**x + 12*i**2 + 2 - 9*i**2. Determine q(0).
2
Let y(s) = -s**3 - 4*s**2 - 4*s - 1. Let t be ((-3)/2)/(-5 - (-33)/6). Determine y(t).
2
Let z(n) = -n**3 - 3*n**2 + 4*n + 5. Let m be (-19)/(-3) + 8/12. Suppose -5*a + m = -3*h, 0 = -3*a - a - 4. Give z(h).
5
Let k(n) = -2 - n + 0 + 3*n - 6*n. Determine k(3).
-14
Let a(j) = j**3 + j**2 - 2*j - 2. Suppose -8*w = -11*w. Suppose -2*z + 4 = w, -3*k - 5*z + 6 = 2. What is a(k)?
-2
Let w(v) = -7*v**3 + 2*v + 1. Let m(h) = h**2 + 2*h - 1. Let d be m(-3). Suppose r - 1 + d = 0. What is w(r)?
6
Let r(u) = 5*u**2 - 14*u + 3. Let f(n) = 4*n**2 - 13*n + 3. Let w(m) = -6*f(m) + 5*r(m). Calculate w(-7).
-10
Let a(o) = o - 1 + 0*o**2 - 2*o**3 - 3 + 5*o**2 + 3*o**3. Calculate a(-4).
8
Let z(k) = 2*k - 1. Let s = 5 + -6. Let r = 2 - s. Calculate z(r).
5
Let d(o) be the second derivative of 0 + 2/3*o**3 - 7/2*o**2 - 1/12*o**4 - o. Calculate d(5).
-12
Let o(m) = -m**2 + 6*m - 5. Suppose -15 = -3*a - 3*c, 5*c + 2 + 3 = a. Give o(a).
0
Let m(j) = j**3 - 3*j**2 - 5*j + 3. Suppose 2*o = -2*o. Suppose -3*w + w + 8 = o. Determine m(w).
-1
Let t = 10 + -6. Let z = -4 + t. Suppose 0 = -z*p - p + 2. Let o(u) = u**3 - 2*u**2 + 3*u - 2. What is o(p)?
4
Suppose g = 3*g - 40. Let z be 2/5 + (-8)/g. Let m(q) = 2*q + q**2 - 4 - q + 0*q**2. Calculate m(z).
-4
Let m(b) be the second derivative of b**6/180 + b**5/60 - b**4/6 - b**3 + 2*b. Let d(l) be the second derivative of m(l). Give d(-3).
8
Let n(b) = b**3 - 5*b**2 - 6*b + 2. Suppose o - 6 = 2. Let z(t) = -t**3 + 9*t**2 - 8*t + 6. Let p be z(o). Give n(p).
2
Let z(g) = -3*g - 6. Let u = 26 + -30. Calculate z(u).
6
Let y(o) be the second derivative of o**3/6 + 5*o**2/2 + o. Suppose 2*z - z + 2 = 0. Let a be (-2*5)/((-4)/z). What is y(a)?
0
Let z(v) = 3 + 0*v - v + 4*v. Let r(x) = 2*x + 3. Let l(j) = 5*r(j) - 4*z(j). What is l(6)?
-9
Let m = -5 + 12. Suppose m + 5 = 3*j. Let f(b) = -b**2 + 2*b + 4. Determine f(j).
-4
Let m be (-3 + 1)*-1*2. Let p(b) be the second derivative of -b**4/12 + 2*b**3/3 - b**2/2 - 2*b. What is p(m)?
-1
Let x(g) = g**3 - 3*g**2 - g. Let t(w) = -w**2 - 11*w - 12. Let k be t(-10). Calculate x(k).
-18
Let v(t) = 3 - 1 - 2 + t. What is v(-2)?
-2
Suppose 0 = 5*g - 4*r + 13, -3*r = -1 - 5. Let s(b) = 8*b**2 - b - 1. Calculate s(g).
8
Suppose 5*t + 6 = -2*m, -m - 3*t - 4 = -0*m. Let b(k) = -6 + 2*k + m + k**2 + 1 + 2*k. Suppose -d - 5 = -1. Calculate b(d).
-3
Let r(x) = x**2 + 7*x + 9. Suppose -3*o + 5*z + 7 = 0, 2 + 13 = 4*o - z. Suppose 0 = -o*a + 12 - 36. Give r(a).
3
Let w(f) be the third derivative of 2*f**5/15 - f**4/24 - 13*f**2. Calculate w(1).
7
Let x(j) be the second derivative of j**5/20 + j**4/12 + 8*j. Determine x(-1).
0
Let x(p) = -p**3 + 7*p**2 + 8*p + 3. Let d be x(8). Let m(q) = 2*q**2 + 0 - 5*q - q**3 - 2 + d*q**2 + 0*q**2. Give m(4).
-6
Let c = 4 + 0. Let i(f) = -f**3 + 4*f**2 + f + 5. What is i(c)?
9
Let b(u) = 3 + 7*u**3 + 0 - 4*u**3 - 1 - 3*u**2 - u. Determine b(2).
12
Let r(s) = -s**3 + 8*s**2 + 7*s - 4. Let p(o) = 2*o**3 - 8*o**2 - 7*o + 3. Let v(j) = 2*p(j) + 3*r(j). Give v(-7).
-6
Let q(j) = -j**3 + 4*j**2 - 5*j + 2. Let l(s) = -s**3 + s. Let h be l(-2). Suppose -3*v - 3*g = 3, -g = -4*v - h*g - 8. Calculate q(v).
-4
Let g(i) be the second derivative of i**4/12 + i**3 - 2*i**2 + 14*i - 1. What is g(-5)?
-9
Let t(o) be the second derivative of o**4/12 + 7*o**3/6 - 11*o**2/2 + o + 3. Calculate t(-8).
-3
Suppose 2*b = -0*b. Let r(m) = m + 8. Let q(z) = 3*z + 25. Let t = -13 - -6. Let n(i) = t*r(i) + 2*q(i). Calculate n(b).
-6
Let r(q) be the first derivative of -q**3/3 - q**2 - 4*q - 2. Give r(3).
-19
Let x(l) = -3*l - 2. Let i be (0 - (-5 - -2))*1. Suppose i*b + 9 = -0*b. Give x(b).
7
Let b(s) = s**2 + 0*s**2 - 2*s**2 - 1 - 6*s. Determine b(-4).
7
Let r(i) = -16*i**3 - 3 + 9*i**2 + 17*i**3 + 9*i + 0*i**3. Calculate r(-8).
-11
Let l(i) be the third derivative of -i**4/24 + i**3/2 - 12*i**2. Calculate l(-5).
8
Let h(f) be the second derivative of -f**5/20 - f**4/24 + f**3/6 - 5*f**2/2 + 5*f. Let l(v) be the first derivative of h(v). Give l(1).
-3
Let g(q) = 2*q + 14 - 4 - q + 0. Determine g(0).
10
Let i be (3 + -8)*8/5. Let p be i/(-12)*(-18)/(-4). Let n(v) = p*v**2 + 0*v - 4 - 2*v + 2 - 4*v**2. Give n(-4).
-10
Let b(g) = -g**2 - 6*g + 9. Let x be b(-7). Let u(d) = 2*d**2 - 2*d + 2. Determine u(x).
6
Let k(i) be the first derivative of -i**4/4 + 3*i**3 - 9*i**2/2 + 12*i - 19. Determine k(8).
4
Let r(x) = x**2 - 6*x - 2. Suppose -5*g = 13 - 43. Calculate r(g).
-2
Let q(r) = 5*r**3 + 5*r**2 - r - 2. Let t(l) = 4*l**3 + 4*l**2 - l - 2. Let s(o) = -3*q(o) + 4*t(o). Determine s(-2).
-4
Let g = 1 - 2. Let t be 3/(-2)*(-3 - g). Let r(o) be the second derivative of -o**3/6 + o**2 + 3*o. Give r(t).
-1
Let r(w) = 3 - 4*w**2 + 3*w**2 - 1 + w. Let f be r(2). Let q(m) = -m**2 - 7. Calculate q(f).
-7
Suppose 2*i = 3*c - 0*c + 9, -2*i - 3*c + 3 = 0. Let t(b) = b**2 + 2*b - 3. What is t(i)?
12
Let y(d) = -7*d + 32. Let u be y(5). Let w(i) be the first derivative of 1/4*i**4 + i**2 + 1 + i**3 - i. Determine w(u).
-7
Let g(d) = -d**3 + 3*d**2 - 1. Let i be -5*-1*(-9)/(-15). What is g(i)?
-1
Let q(r) = 7*r + 3. Let i(f) = 3*f + 2. Let u(p) = -5*i(p) + 2*q(p). Calculate u(-7).
3
Let c(z) = z**2 + 4*z + 1. Let x(d) = 2*d**2 + 7*d + 3. Let r(t) = 5*c(t) - 2*x(t). Give r(-3).
-10
Suppose 4*k = -4*j - 0*j + 36, 0 = -3*j + 15. Let z(f) be the first derivative of -f**3/3 + 2*f**2 - 2. What is z(k)?
0
Let j = 22 + -18. Let h(a) be the second derivative of -a**5/20 + a**4/3 + a**3/6 - 2*a. Determine h(j).
4
Let d(v) be the second derivative of -v**5/120 - 2*v**3/3 + v. Let k(c) be the second derivative of d(c). What is k(6)?
-6
Suppose 6*f = 2*f - 12. Let s(x) = 2*x**2 - 9*x - 7. Let j(o) = o**2 - 7*o - 5. Let g(q) = -3*j(q) + 2*s(q). What is g(f)?
1
Let a(r) = 3*r**2 - 4*r + 1. Suppose 4 = -3*l - 5*p + 8, p = -l + 2. Determine a(l).
16
Let r be (-2 - (-7)/3)*6. Let c be r/3*(-5 - 1). Let p(k) = k**3 + 6*k**2 + 6*k. What is p(c)?
8
Let b = 5 + -2. Let f(k) = k + k**3 + 0*k - b*k**2 - 3*k - 1. Suppose 4*x - 18 = -2*x. Calculate f(x).
-7
Let u(y) = 5*y + 4*y**2 + y**3 - 13*y - 4 - 10*y**2. Calculate u(7).
-11
Suppose 4*n - 8 = 4*r, 3*n - 2 = -r - 0*n. Let q be r*(-2)/(-4)*4. Let p(i) = i**3 + 2. Give p(q).
-6
Let a = -12 + 20. Let p(i) = i**3 - a*i**2 - i + 6*i**2 - 4 - 2*i. Give p(3).
-4
Let w = -49 - -49. Let n(p) = 7 - p + 7*p - 3*p. Let h(g) = -4*g - 8. Let x(y) = 4*h(y) + 5*n(y). Determine x(w).
3
Let m(x) = -3*x + 1. Let v = 2 - 0. Give m(v).
-5
Let i be (-28)/6 - (-6)/9. Let s be 4/(-3)*6/i. Let d(u) = 2 + 2*u + u - s*u. Calculate d(3).
5
Suppose -5 - 3 = -4*q. Suppose -3*j + 5 = 2. Suppose j + 9 = q*o. Let w(l) = l - 5. What is w(o)?
0
Let n(t) = 6*t**3 - 11*t**2 + 7*t - 7. Let s(l) = -7*l**3 + 12*l**2 - 8*l + 8. Let u(y) = -6*n(y) - 5*s(y). What is u(6)?
-10
Let t(q) = q**3 - 3*q**2 - 2*q - 6. Let d(l) = 1. Let s be -2 - -1 - -2*1. Let u(v) = s*d(v) + t(v). Give u(4).
3
Let o(h) = -h**2 - 1 - 6 + 5 - 2. Determine o(-3).
-13
Suppose -2*a = -3*d + 5 + 4, 0 = 3*a - 5*d + 15. Suppose 4*f - 2*z - 4 = a, -z = -5*f + 3*z + 2. Let s(y) = 6*y + f + 2 - 4*y. Calculate s(-5).
-6
Let t(r) = -6*r**3 - 2*r - 5. Let n(a) = 18*a**3 + 5*a + 14. Let g(s) = -4*n(s) - 11*t(s). What is g(1)?
-5
Let w(b) be the first derivative of -b + 1/3*b**3 + 0*b**2 + 1. Let y = -4 + 6. Calculate w(y).
3
Let f(o) = 3*o + 1 - 4*o - o**2 - 72*o**3 + 73*o**3 - 3. Let q(s) = -s + 7. Let n be q(5). Suppose a = -n*a + 5*i, 0 = 5*a + i. What is f(a)?
-2
Let x(k) = -2*k + 1. Let u(o) = o**3 + 15*o**2 + 12*o - 20. Let v be u(-14). Determine x(v).
-15
Let v(z) be the third derivative of 0 + 0*z - 1/2*z**3 + z**2 - 1/24*z**4. What is v(0)?
-3
Let k(s) = s**2 + s. Let y be k(1). Let z(a) = 2*a - 2*a + a**2 + a + y*a. What is z(-4)?
4
Let k(w) = w**3 - 5*w**2 - 2*w - 6. Let g(d) = d**3 - 4*d**2 - 3*d - 6. Le